{"id":52,"date":"2020-06-05T13:46:12","date_gmt":"2020-06-05T16:46:12","guid":{"rendered":"https:\/\/medianeira76.com.br\/?page_id=52"},"modified":"2020-06-06T15:27:05","modified_gmt":"2020-06-06T18:27:05","slug":"senior","status":"publish","type":"page","link":"https:\/\/medianeira76.com.br\/index.php\/senior\/","title":{"rendered":"S\u00eanior"},"content":{"rendered":"\n<p>O Ramo S\u00eanior \u00e9 formado por jovens com idades entre 15 e 17 anos, e nos incentiva a superar nossos pr\u00f3prios desafios! N\u00f3s j\u00e1 nos conhecemos melhor, aceitamos nossas caracter\u00edsticas e as diferen\u00e7as de um jeito mais simples, e estamos entendendo melhor nossa pr\u00f3pria personalidade.<\/p>\n\n\n\n<p>Com a tropa s\u00eanior vivemos verdadeiras aventuras: fazemos rapel, navegamos, acampamos por v\u00e1rios dias, fazemos trilhas e escaladas, aprendemos jogos e atividades mais desafiadoras e somos incentivados a superar obst\u00e1culos.<\/p>\n\n\n\n<p>Como diz nosso lema, estamos Sempre Alerta a tudo que acontece ao nosso redor. Temos nosso pr\u00f3prio livro de patrulha, onde registramos informa\u00e7\u00f5es importantes e recorda\u00e7\u00f5es das nossas atividades.<\/p>\n\n\n\n<p>A partir do momento que completamos 17 anos, e no m\u00e1ximo antes dos 18, precisamos nos despedir da tropa s\u00eanior e partir para o Ramo Pioneiro, ap\u00f3s uma Cerim\u00f4nia de Passagem.<\/p>\n\n\n\n<p class=\"has-small-font-size\"><em>Fonte: <a href=\"https:\/\/www.escoteiros.org.br\/ramo-senior\/\">https:\/\/www.escoteiros.org.br\/ramo-senior\/<\/a><\/em><\/p>\n","protected":false},"excerpt":{"rendered":"<p>O Ramo S\u00eanior \u00e9 formado por jovens com idades entre 15 e 17 anos, e nos incentiva a superar nossos pr\u00f3prios desafios! N\u00f3s j\u00e1 nos conhecemos melhor, aceitamos nossas caracter\u00edsticas e as diferen\u00e7as de um jeito mais simples, e estamos entendendo melhor nossa pr\u00f3pria personalidade. Com a tropa s\u00eanior vivemos verdadeiras aventuras: fazemos rapel, navegamos, &#8230; <a title=\"S\u00eanior\" class=\"read-more\" href=\"https:\/\/medianeira76.com.br\/index.php\/senior\/\" aria-label=\"Read more about S\u00eanior\">Ler mais<\/a><\/p>\n","protected":false},"author":1,"featured_media":0,"parent":0,"menu_order":0,"comment_status":"closed","ping_status":"closed","template":"","meta":{"_monsterinsights_skip_tracking":false,"_monsterinsights_sitenote_active":false,"_monsterinsights_sitenote_note":"","_monsterinsights_sitenote_category":0,"_joinchat":[],"footnotes":""},"class_list":["post-52","page","type-page","status-publish"],"aioseo_notices":[],"_links":{"self":[{"href":"https:\/\/medianeira76.com.br\/index.php\/wp-json\/wp\/v2\/pages\/52","targetHints":{"allow":["GET"]}}],"collection":[{"href":"https:\/\/medianeira76.com.br\/index.php\/wp-json\/wp\/v2\/pages"}],"about":[{"href":"https:\/\/medianeira76.com.br\/index.php\/wp-json\/wp\/v2\/types\/page"}],"author":[{"embeddable":true,"href":"https:\/\/medianeira76.com.br\/index.php\/wp-json\/wp\/v2\/users\/1"}],"replies":[{"embeddable":true,"href":"https:\/\/medianeira76.com.br\/index.php\/wp-json\/wp\/v2\/comments?post=52"}],"version-history":[{"count":2,"href":"https:\/\/medianeira76.com.br\/index.php\/wp-json\/wp\/v2\/pages\/52\/revisions"}],"predecessor-version":[{"id":74,"href":"https:\/\/medianeira76.com.br\/index.php\/wp-json\/wp\/v2\/pages\/52\/revisions\/74"}],"wp:attachment":[{"href":"https:\/\/medianeira76.com.br\/index.php\/wp-json\/wp\/v2\/media?parent=52"}],"curies":[{"name":"wp","href":"https:\/\/api.w.org\/{rel}","templated":true}]}}

Sênior

<p>O Ramo Sênior é formado por jovens com idades entre 15 e 17 anos, e nos incentiva a superar nossos próprios desafios! Nós já nos conhecemos melhor, aceitamos nossas características e as diferenças de um jeito mais simples, e estamos entendendo melhor nossa própria personalidade.</p>



<p>Com a tropa sênior vivemos verdadeiras aventuras: fazemos rapel, navegamos, acampamos por vários dias, fazemos trilhas e escaladas, aprendemos jogos e atividades mais desafiadoras e somos incentivados a superar obstáculos.</p>



<p>Como diz nosso lema, estamos Sempre Alerta a tudo que acontece ao nosso redor. Temos nosso próprio livro de patrulha, onde registramos informações importantes e recordações das nossas atividades.</p>



<p>A partir do momento que completamos 17 anos, e no máximo antes dos 18, precisamos nos despedir da tropa sênior e partir para o Ramo Pioneiro, após uma Cerimônia de Passagem.</p>



<p class="has-small-font-size"><em>Fonte: <a href="https://www.escoteiros.org.br/ramo-senior/">https://www.escoteiros.org.br/ramo-senior/</a></em></p>

<p>O Ramo Sênior é formado por jovens com idades entre 15 e 17 anos, e nos incentiva a superar nossos próprios desafios! Nós já nos conhecemos melhor, aceitamos nossas características e as diferenças de um jeito mais simples, e estamos entendendo melhor nossa própria personalidade. Com a tropa sênior vivemos verdadeiras aventuras: fazemos rapel, navegamos, &#8230; <a title="Sênior" class="read-more" href="https://medianeira76.com.br/index.php/senior/" aria-label="Read more about Sênior">Ler mais</a></p>
