{"id":41,"date":"2020-06-05T13:44:51","date_gmt":"2020-06-05T16:44:51","guid":{"rendered":"https:\/\/medianeira76.com.br\/?page_id=41"},"modified":"2022-06-07T16:17:32","modified_gmt":"2022-06-07T19:17:32","slug":"escotistas","status":"publish","type":"page","link":"https:\/\/medianeira76.com.br\/index.php\/escotistas\/","title":{"rendered":"Escotistas"},"content":{"rendered":"\n<figure class=\"wp-block-table is-style-stripes\"><table><thead><tr><th class=\"has-text-align-left\" data-align=\"left\"><span class=\"has-inline-color has-vivid-cyan-blue-color\">Nome<\/span><\/th><th class=\"has-text-align-center\" data-align=\"center\"><span class=\"has-inline-color has-vivid-cyan-blue-color\">Ramo<\/span><\/th><th class=\"has-text-align-center\" data-align=\"center\"><span class=\"has-inline-color has-vivid-cyan-blue-color\">Fun\u00e7\u00e3o<\/span><\/th><\/tr><\/thead><tbody><tr><td class=\"has-text-align-left\" data-align=\"left\">Milene Ponce de Leon<\/td><td class=\"has-text-align-center\" data-align=\"center\">Lobinho<\/td><td class=\"has-text-align-center\" data-align=\"center\">Chefe de Se\u00e7\u00e3o<\/td><\/tr><tr><td class=\"has-text-align-left\" data-align=\"left\">Fabr\u00edcio Mariano da Fonseca<\/td><td class=\"has-text-align-center\" data-align=\"center\">Lobinho<\/td><td class=\"has-text-align-center\" data-align=\"center\">Assistente<\/td><\/tr><tr><td class=\"has-text-align-left\" data-align=\"left\">Gilza Caetano de Souza<\/td><td class=\"has-text-align-center\" data-align=\"center\">Lobinho<\/td><td class=\"has-text-align-center\" data-align=\"center\">Assistente<\/td><\/tr><tr><td class=\"has-text-align-left\" data-align=\"left\">Guilherme Brito Viana<\/td><td class=\"has-text-align-center\" data-align=\"center\">Lobinho<\/td><td class=\"has-text-align-center\" data-align=\"center\">Assistente<\/td><\/tr><tr><td class=\"has-text-align-left\" data-align=\"left\">Hellen Cristine Peverari<\/td><td class=\"has-text-align-center\" data-align=\"center\">Lobinho<\/td><td class=\"has-text-align-center\" data-align=\"center\">Assistente<\/td><\/tr><tr><td class=\"has-text-align-left\" data-align=\"left\">Iasmin Sena de Pontes Barros<\/td><td class=\"has-text-align-center\" data-align=\"center\">Lobinho<\/td><td class=\"has-text-align-center\" data-align=\"center\">Assistente<\/td><\/tr><tr><td class=\"has-text-align-left\" data-align=\"left\">J\u00falio Cesar Vieira Da Silva<\/td><td class=\"has-text-align-center\" data-align=\"center\">Lobinho<\/td><td class=\"has-text-align-center\" data-align=\"center\">Assistente<\/td><\/tr><tr><td class=\"has-text-align-left\" data-align=\"left\">Tain\u00e1 Gomes Milhomem Nahum<\/td><td class=\"has-text-align-center\" data-align=\"center\">Escoteiro<\/td><td class=\"has-text-align-center\" data-align=\"center\">Chefe de Se\u00e7\u00e3o<\/td><\/tr><tr><td class=\"has-text-align-left\" data-align=\"left\">Andr\u00e9 Luiz de Pinho Figueiredo Henrique<\/td><td class=\"has-text-align-center\" data-align=\"center\">Escoteiro<\/td><td class=\"has-text-align-center\" data-align=\"center\">Assistente<\/td><\/tr><tr><td class=\"has-text-align-left\" data-align=\"left\">Asteclides \u00c1lvaro Ferreira Saraiva<\/td><td class=\"has-text-align-center\" data-align=\"center\">Escoteiro<\/td><td class=\"has-text-align-center\" data-align=\"center\">Assistente<\/td><\/tr><tr><td class=\"has-text-align-left\" data-align=\"left\">Clara Borges Bezerra De Menezes<\/td><td class=\"has-text-align-center\" data-align=\"center\">Escoteiro<\/td><td class=\"has-text-align-center\" data-align=\"center\">Assistente<\/td><\/tr><tr><td class=\"has-text-align-left\" data-align=\"left\">Felipe Figuer\u00f4a Tassinari Rocha Martins<\/td><td class=\"has-text-align-center\" data-align=\"center\">Escoteiro<\/td><td class=\"has-text-align-center\" data-align=\"center\">Assistente<\/td><\/tr><tr><td class=\"has-text-align-left\" data-align=\"left\">L\u00edlia S\u00f4nia da Mota Carvalhinha<\/td><td class=\"has-text-align-center\" data-align=\"center\">Escoteiro<\/td><td class=\"has-text-align-center\" data-align=\"center\">Assistente<\/td><\/tr><tr><td class=\"has-text-align-left\" data-align=\"left\">Marcus Vinicius Batista Teixeira<\/td><td class=\"has-text-align-center\" data-align=\"center\">S\u00eanior<\/td><td class=\"has-text-align-center\" data-align=\"center\">Chefe de Se\u00e7\u00e3o<\/td><\/tr><tr><td class=\"has-text-align-left\" data-align=\"left\">Camila Silva Coutinho<\/td><td class=\"has-text-align-center\" data-align=\"center\">S\u00eanior<\/td><td class=\"has-text-align-center\" data-align=\"center\">Assistente<\/td><\/tr><tr><td class=\"has-text-align-left\" data-align=\"left\">Julia Helena Amorim Fada<\/td><td class=\"has-text-align-center\" data-align=\"center\">S\u00eanior<\/td><td class=\"has-text-align-center\" data-align=\"center\">Assistente<\/td><\/tr><tr><td class=\"has-text-align-left\" data-align=\"left\">Lucas de Almeida Lopes<\/td><td class=\"has-text-align-center\" data-align=\"center\">S\u00eanior<\/td><td class=\"has-text-align-center\" data-align=\"center\">Assistente<\/td><\/tr><tr><td class=\"has-text-align-left\" data-align=\"left\">Frederico Cascardo Alexandre e Silva<\/td><td class=\"has-text-align-center\" data-align=\"center\">S\u00eanior<\/td><td class=\"has-text-align-center\" data-align=\"center\">Instrutor<\/td><\/tr><tr><td class=\"has-text-align-left\" data-align=\"left\">Ana Paula Correia Gomes de Lemos<\/td><td class=\"has-text-align-center\" data-align=\"center\">Pioneiro<\/td><td class=\"has-text-align-center\" data-align=\"center\">Chefe de Se\u00e7\u00e3o<\/td><\/tr><tr><td class=\"has-text-align-left\" data-align=\"left\">Alexandre Curado Gomes de Lemos<\/td><td class=\"has-text-align-center\" data-align=\"center\">Pioneiro<\/td><td class=\"has-text-align-center\" data-align=\"center\">Assistente<\/td><\/tr><\/tbody><\/table><\/figure>\n","protected":false},"excerpt":{"rendered":"<p>Nome Ramo Fun\u00e7\u00e3o Milene Ponce de Leon Lobinho Chefe de Se\u00e7\u00e3o Fabr\u00edcio Mariano da Fonseca Lobinho Assistente Gilza Caetano de Souza Lobinho Assistente Guilherme Brito Viana Lobinho Assistente Hellen Cristine Peverari Lobinho Assistente Iasmin Sena de Pontes Barros Lobinho Assistente J\u00falio Cesar Vieira Da Silva Lobinho Assistente Tain\u00e1 Gomes Milhomem Nahum Escoteiro Chefe de Se\u00e7\u00e3o &#8230; <a title=\"Escotistas\" class=\"read-more\" href=\"https:\/\/medianeira76.com.br\/index.php\/escotistas\/\" aria-label=\"Read more about Escotistas\">Ler mais<\/a><\/p>\n","protected":false},"author":1,"featured_media":0,"parent":0,"menu_order":0,"comment_status":"closed","ping_status":"closed","template":"","meta":{"_monsterinsights_skip_tracking":false,"_monsterinsights_sitenote_active":false,"_monsterinsights_sitenote_note":"","_monsterinsights_sitenote_category":0,"_joinchat":[],"footnotes":""},"class_list":["post-41","page","type-page","status-publish"],"aioseo_notices":[],"_links":{"self":[{"href":"https:\/\/medianeira76.com.br\/index.php\/wp-json\/wp\/v2\/pages\/41","targetHints":{"allow":["GET"]}}],"collection":[{"href":"https:\/\/medianeira76.com.br\/index.php\/wp-json\/wp\/v2\/pages"}],"about":[{"href":"https:\/\/medianeira76.com.br\/index.php\/wp-json\/wp\/v2\/types\/page"}],"author":[{"embeddable":true,"href":"https:\/\/medianeira76.com.br\/index.php\/wp-json\/wp\/v2\/users\/1"}],"replies":[{"embeddable":true,"href":"https:\/\/medianeira76.com.br\/index.php\/wp-json\/wp\/v2\/comments?post=41"}],"version-history":[{"count":4,"href":"https:\/\/medianeira76.com.br\/index.php\/wp-json\/wp\/v2\/pages\/41\/revisions"}],"predecessor-version":[{"id":200,"href":"https:\/\/medianeira76.com.br\/index.php\/wp-json\/wp\/v2\/pages\/41\/revisions\/200"}],"wp:attachment":[{"href":"https:\/\/medianeira76.com.br\/index.php\/wp-json\/wp\/v2\/media?parent=41"}],"curies":[{"name":"wp","href":"https:\/\/api.w.org\/{rel}","templated":true}]}}