{"id":35,"date":"2020-06-05T13:44:17","date_gmt":"2020-06-05T16:44:17","guid":{"rendered":"https:\/\/medianeira76.com.br\/?page_id=35"},"modified":"2025-02-13T08:38:24","modified_gmt":"2025-02-13T11:38:24","slug":"nossa-historia","status":"publish","type":"page","link":"https:\/\/medianeira76.com.br\/index.php\/nossa-historia\/","title":{"rendered":"Nossa Hist\u00f3ria"},"content":{"rendered":"\n<p>Idos de 1957. A sele\u00e7\u00e3o brasileira de futebol disputava uma vaga para participar da pr\u00f3xima copa do mundo, e quem sabe ganhar pela primeira vez a t\u00e3o sonhada Ta\u00e7a Jules Rimet. O Rio de Janeiro era a Capital do Pa\u00eds, embora soub\u00e9ssemos que daqui a alguns anos, o presidente Juscelino Kubitschek iria inaugurar Bras\u00edlia, e com isto perder\u00edamos a condi\u00e7\u00e3o de sede do poder, deixar\u00edamos de ser o Distrito Federal. Os bondes e os &#8220;lota\u00e7\u00f5es&#8221; eram os meios de transporte mais utilizados em nossa cidade. A televis\u00e3o (preta e branca) ainda era uma novidade promissora, mas n\u00e3o havia desbancado a primazia do r\u00e1dio como o principal ve\u00edculo de comunica\u00e7\u00e3o, pois haviam poucos aparelhos de televis\u00e3o, o que fez surgir uma nova classe de pessoas em nossa sociedade, os &#8220;televizinhos&#8221;.<\/p>\n\n\n\n<p>Foi nesta \u00e9poca que alguns Congregados Marianos da Igreja de S. Jos\u00e9 e N. Sra. das Dores, liderados pelo seu presidente, Vin\u00edcius Nelson Garcia de Souza, resolveram criar um grupo escoteiro.<\/p>\n\n\n\n<p>O motivo que os levou a executar tal empreitada foi, talvez, o desejo de trabalhar com os jovens do bairro, de uma maneira mais efetiva e prolongada, acompanhando sua forma\u00e7\u00e3o atrav\u00e9s dos anos, despertando o interesse pelo pr\u00f3ximo, conscientizando-os de seus deveres como cidad\u00e3os, e sobretudo, de poderem, eles Congregados, ter a possibilidade de exercer o seu apostolado, levando a todos nossos jovens o conhecimento da exist\u00eancia de Deus, e a pr\u00e1tica da religi\u00e3o.<\/p>\n\n\n\n<p>A escolha do escotismo como metodologia ideal para alcan\u00e7arem seus objetivos, foi baseada nos excelentes resultados verificados na Igreja dos &#8220;Capuchinhos&#8221; da Rua Haddock Lobo, onde, h\u00e1 alguns anos, havia sido criado o 44\u00ba Grupo Escoteiro S\u00e3o Sebasti\u00e3o.<\/p>\n\n\n\n<p>Foram os escotistas do S\u00e3o Sebasti\u00e3o que apoiaram os jovens Congregados a fundar nosso Grupo, e para tanto n\u00e3o mediram esfor\u00e7os, participando de todas as reuni\u00f5es preparat\u00f3rias, iniciando a forma\u00e7\u00e3o dos aspirantes e chefes, e difundindo os objetivos do movimento junto aos pais dos nossos jovens.<\/p>\n\n\n\n<p>Formalmente, em 15\/06\/57, houve uma reuni\u00e3o dos Congregados Marianos, em que foi decidido que a Congrega\u00e7\u00e3o seria a nossa Entidade Mantenedora.<\/p>\n\n\n\n<p>O grupo iria funcionar na Igreja de S\u00e3o Jos\u00e9, na Rua Bar\u00e3o de Mesquita, 763, no bairro da Tijuca. Nesta oportunidade compareceram os Comiss\u00e1rios do 3\u00ba e 4\u00ba Distritos Escoteiros de nossa Regi\u00e3o, al\u00e9m de alguns chefes e escoteiros do Grupo S. Sebasti\u00e3o, tendo o chefe Ant\u00f4nio Maia, do 44\u00ba GE, feito o uso da palavra, incentivando a todos a decidirem pela forma\u00e7\u00e3o de um grupo escoteiro em nossa comunidade.<\/p>\n\n\n\n<p>O primeiro passo para o surgimento do nosso Grupo foi dado pelos dirigentes da Congrega\u00e7\u00e3o Mariana, que viriam a ser os nossos futuros chefes, ao solicitar \u00e0 UEB (Uni\u00e3o dos Escoteiros do Brasil) Regi\u00e3o do Distrito Federal, em 22\/07\/57, a autoriza\u00e7\u00e3o provis\u00f3ria para funcionamento do Grupo Escoteiro, que por devo\u00e7\u00e3o a Maria m\u00e3e de Deus, recebeu o nome de Nossa Senhora Medianeira (de todas as Gra\u00e7as \u2013 mais conhecida como N.Sra. das Gra\u00e7as).<\/p>\n\n\n\n<p>A primeira reuni\u00e3o oficial do nosso Grupo ocorreu em 24\/09\/57, exatamente dois meses antes da funda\u00e7\u00e3o. Foi voltada para a forma\u00e7\u00e3o da tropa de juniores (escoteiros). Esta reuni\u00e3o foi dirigida pelo chefe Bartoldo Pinho tamb\u00e9m do 44\u00ba GE, que apresentou a finalidade do escotismo, sua organiza\u00e7\u00e3o.<\/p>\n\n\n\n<p>Estiveram tamb\u00e9m presentes nesta reuni\u00e3o Vin\u00edcius Nelson Garcia de Souza, Benildo dos Santos Borges, futuros chefe e subchefe de grupo respectivamente, al\u00e9m de oito aspirantes ao escotismo. Foram ainda tra\u00e7ados os primeiros planos para a funda\u00e7\u00e3o do grupo.<\/p>\n\n\n\n<p>Da mesma forma, foi realizada no dia seguinte (25\/09\/57) a primeira reuni\u00e3o preparat\u00f3ria para forma\u00e7\u00e3o da tropa de seniores, tamb\u00e9m sob a dire\u00e7\u00e3o do chefe Pinho.<\/p>\n\n\n\n<p>Era muito grande o entusiasmo de jovens e dirigentes. Durante o m\u00eas de outubro foram realizadas v\u00e1rias reuni\u00f5es preparat\u00f3rios. Houve tamb\u00e9m um conselho de pais para informar sobre detalhes do movimento e prepararem a festa da funda\u00e7\u00e3o.<\/p>\n\n\n\n<p>A primeira atividade externa foi realizada em 03\/11\/57, quando o chefe Pinho (44\u00ba GE) levou os nossos futuros chefes Vin\u00edcius e Benildo e mais quinze aspirantes ao Pico do Papagaio.<\/p>\n\n\n\n<p>Foram realizados jogos, seguidos de trilhas com sinais de pista e outras atividades escoteiras.<br>Reta Final. Determinado o dia da funda\u00e7\u00e3o, os preparativos se intensificaram. Foram realizadas reuni\u00f5es para os aspirantes escoteiros, quando foram conclu\u00eddas as provas de novi\u00e7o.<\/p>\n\n\n\n<p>As reuni\u00f5es nesta \u00e9poca, e at\u00e9 a inaugura\u00e7\u00e3o da sede que congregados e escoteiros iriam concluir anos mais tarde, eram realizadas no interior de um pequeno teatro que existia no local onde hoje se encontra o p\u00e1tio cimentado ao lado do centro Pastoral.<\/p>\n\n\n\n<p>No dia 15\/11\/57, uma segunda-feira, feriado nacional, foram realizadas as primeiras promessas no nosso grupo. Vin\u00edcius e Benildo, na presen\u00e7a dos nossos aspirantes, do Comiss\u00e1rio do 4\u00ba Distrito Escoteiro \u2013 M\u00e1rio Imperial Sobrinho, dos membros do 44\u00ba GE, do Reitor da Congrega\u00e7\u00e3o Mariana, Pe. Norberto do Menino Jesus C.P., al\u00e9m dos familiares e convidados, fizeram a promessa escoteira, e foram empossados respectivamente como chefe geral e subchefe do nosso Grupo.<\/p>\n\n\n\n<p>O Chamado &#8220;Campo de Promessa&#8221; (local utilizado para cerim\u00f4nias escoteiras) ficava onde hoje se encontram os jardins da Igreja, entre a escada e a ladeira de acesso para carros.<\/p>\n\n\n\n<p>Finalmente havia chegado o grande dia. Ap\u00f3s a missa das sete horas da manh\u00e3 de Domingo, dia 24 de novembro de 1957, foi realizada a cerim\u00f4nia de funda\u00e7\u00e3o. Presentes, o Comiss\u00e1rio Distrital, os Chefes Bartoldo Pinho, Ant\u00f4nio Maia, Wilson e todo o 44\u00ba GE S. Sebasti\u00e3o que paraninfaram a solenidade. Compareceram tamb\u00e9m integrantes de v\u00e1rios grupos escoteiros da nossa regi\u00e3o.<\/p>\n\n\n\n<p>Ap\u00f3s o hasteamento da bandeira nacional, foram realizadas as promessas escoteiras, a seguir foram realizadas demonstra\u00e7\u00f5es de t\u00e9cnicas escoteiras e aberta uma exposi\u00e7\u00e3o sobre o movimento.<\/p>\n\n\n\n<p>\u00c0 noite houve um show de variedades no sal\u00e3o paroquial, apresentado por nossos escoteiros.<\/p>\n\n\n\n<p>O Len\u00e7o do medianeira guarda ainda hoje o s\u00edmbolo Mariano estampado ao centro, e como cores b\u00e1sicas, aquelas que se acham reproduzidas nas vestes de Nossa Senhora, o azul do seu manto no lado esquerdo (no lado do cora\u00e7\u00e3o), e o branco de sua t\u00fanica no lado direito, muito embora a Congrega\u00e7\u00e3o Mariana j\u00e1 tenha deixado de existir h\u00e1 muitos anos na nossa comunidade.<\/p>\n\n\n\n<p>Durante v\u00e1rios anos a Igreja de S\u00e3o Jos\u00e9 foi a casa do Medianeira, por\u00e9m, em 2001, com a possibilidade de obtermos o comodato de uma sede fronteiri\u00e7a com a maior floresta urbana do Mundo, o nosso grupo escoteiro, vem vivenciando per\u00edodo de ouro, com o apoio incondicional do nosso maior parceiro: COLEGIO MARISTA S\u00c3O JOS\u00c9 \u2013 Tijuca, o qual sempre nos recebe com carinho, respeito e compreende que nossos maiores prop\u00f3sitos \u00e9 SERVIR a nossa Sociedade e proporcionar aos Jovens uma EDUCA\u00c7\u00c3O e Civismo de qualidade e AMOR.<\/p>\n\n\n\n<p>No ano de 2024 foi feita uma festa para celebrar os 67 anos de servi\u00e7os e dedica\u00e7\u00e3o e reunimos v\u00e1rias figuras emblem\u00e1ticas na hist\u00f3ria do nosso grupo, como Ivan Bordalo (Ex-chefe S\u00eanior e criador do manual do S\u00eanior) e Di\u00e1cono Vinicius (Fundador do grupo), resgatando hist\u00f3rias e viv\u00eancias do 76. Esperamos estarmos laborando na aplica\u00e7\u00e3o do M\u00e9todo Escoteiro, aplicando o princ\u00edpio escoteiro e alcan\u00e7ando o prop\u00f3sito do Movimento Escoteiro que \u00e9 \u201cO prop\u00f3sito do Movimento Escoteiro \u00e9 contribuir para que os jovens assumam seu pr\u00f3prio desenvolvimento, especialmente do car\u00e1ter, ajudando-os a realizar suas plenas potencialidades f\u00edsicas, intelectuais, sociais, afetivas e espirituais, como cidad\u00e3os respons\u00e1veis, participantes e \u00fateis em suas comunidades, conforme definido pelo seu Projeto Educativo\u201d.<\/p>\n","protected":false},"excerpt":{"rendered":"<p>Idos de 1957. A sele\u00e7\u00e3o brasileira de futebol disputava uma vaga para participar da pr\u00f3xima copa do mundo, e quem sabe ganhar pela primeira vez a t\u00e3o sonhada Ta\u00e7a Jules Rimet. O Rio de Janeiro era a Capital do Pa\u00eds, embora soub\u00e9ssemos que daqui a alguns anos, o presidente Juscelino Kubitschek iria inaugurar Bras\u00edlia, e &#8230; <a title=\"Nossa Hist\u00f3ria\" class=\"read-more\" href=\"https:\/\/medianeira76.com.br\/index.php\/nossa-historia\/\" aria-label=\"Read more about Nossa Hist\u00f3ria\">Ler mais<\/a><\/p>\n","protected":false},"author":1,"featured_media":0,"parent":0,"menu_order":0,"comment_status":"closed","ping_status":"closed","template":"","meta":{"_monsterinsights_skip_tracking":false,"_monsterinsights_sitenote_active":false,"_monsterinsights_sitenote_note":"","_monsterinsights_sitenote_category":0,"_joinchat":[],"footnotes":""},"class_list":["post-35","page","type-page","status-publish"],"aioseo_notices":[],"_links":{"self":[{"href":"https:\/\/medianeira76.com.br\/index.php\/wp-json\/wp\/v2\/pages\/35","targetHints":{"allow":["GET"]}}],"collection":[{"href":"https:\/\/medianeira76.com.br\/index.php\/wp-json\/wp\/v2\/pages"}],"about":[{"href":"https:\/\/medianeira76.com.br\/index.php\/wp-json\/wp\/v2\/types\/page"}],"author":[{"embeddable":true,"href":"https:\/\/medianeira76.com.br\/index.php\/wp-json\/wp\/v2\/users\/1"}],"replies":[{"embeddable":true,"href":"https:\/\/medianeira76.com.br\/index.php\/wp-json\/wp\/v2\/comments?post=35"}],"version-history":[{"count":5,"href":"https:\/\/medianeira76.com.br\/index.php\/wp-json\/wp\/v2\/pages\/35\/revisions"}],"predecessor-version":[{"id":363,"href":"https:\/\/medianeira76.com.br\/index.php\/wp-json\/wp\/v2\/pages\/35\/revisions\/363"}],"wp:attachment":[{"href":"https:\/\/medianeira76.com.br\/index.php\/wp-json\/wp\/v2\/media?parent=35"}],"curies":[{"name":"wp","href":"https:\/\/api.w.org\/{rel}","templated":true}]}}

Nossa História

<p>Idos de 1957. A seleção brasileira de futebol disputava uma vaga para participar da próxima copa do mundo, e quem sabe ganhar pela primeira vez a tão sonhada Taça Jules Rimet. O Rio de Janeiro era a Capital do País, embora soubéssemos que daqui a alguns anos, o presidente Juscelino Kubitschek iria inaugurar Brasília, e com isto perderíamos a condição de sede do poder, deixaríamos de ser o Distrito Federal. Os bondes e os &#8220;lotações&#8221; eram os meios de transporte mais utilizados em nossa cidade. A televisão (preta e branca) ainda era uma novidade promissora, mas não havia desbancado a primazia do rádio como o principal veículo de comunicação, pois haviam poucos aparelhos de televisão, o que fez surgir uma nova classe de pessoas em nossa sociedade, os &#8220;televizinhos&#8221;.</p>



<p>Foi nesta época que alguns Congregados Marianos da Igreja de S. José e N. Sra. das Dores, liderados pelo seu presidente, Vinícius Nelson Garcia de Souza, resolveram criar um grupo escoteiro.</p>



<p>O motivo que os levou a executar tal empreitada foi, talvez, o desejo de trabalhar com os jovens do bairro, de uma maneira mais efetiva e prolongada, acompanhando sua formação através dos anos, despertando o interesse pelo próximo, conscientizando-os de seus deveres como cidadãos, e sobretudo, de poderem, eles Congregados, ter a possibilidade de exercer o seu apostolado, levando a todos nossos jovens o conhecimento da existência de Deus, e a prática da religião.</p>



<p>A escolha do escotismo como metodologia ideal para alcançarem seus objetivos, foi baseada nos excelentes resultados verificados na Igreja dos &#8220;Capuchinhos&#8221; da Rua Haddock Lobo, onde, há alguns anos, havia sido criado o 44º Grupo Escoteiro São Sebastião.</p>



<p>Foram os escotistas do São Sebastião que apoiaram os jovens Congregados a fundar nosso Grupo, e para tanto não mediram esforços, participando de todas as reuniões preparatórias, iniciando a formação dos aspirantes e chefes, e difundindo os objetivos do movimento junto aos pais dos nossos jovens.</p>



<p>Formalmente, em 15/06/57, houve uma reunião dos Congregados Marianos, em que foi decidido que a Congregação seria a nossa Entidade Mantenedora.</p>



<p>O grupo iria funcionar na Igreja de São José, na Rua Barão de Mesquita, 763, no bairro da Tijuca. Nesta oportunidade compareceram os Comissários do 3º e 4º Distritos Escoteiros de nossa Região, além de alguns chefes e escoteiros do Grupo S. Sebastião, tendo o chefe Antônio Maia, do 44º GE, feito o uso da palavra, incentivando a todos a decidirem pela formação de um grupo escoteiro em nossa comunidade.</p>



<p>O primeiro passo para o surgimento do nosso Grupo foi dado pelos dirigentes da Congregação Mariana, que viriam a ser os nossos futuros chefes, ao solicitar à UEB (União dos Escoteiros do Brasil) Região do Distrito Federal, em 22/07/57, a autorização provisória para funcionamento do Grupo Escoteiro, que por devoção a Maria mãe de Deus, recebeu o nome de Nossa Senhora Medianeira (de todas as Graças – mais conhecida como N.Sra. das Graças).</p>



<p>A primeira reunião oficial do nosso Grupo ocorreu em 24/09/57, exatamente dois meses antes da fundação. Foi voltada para a formação da tropa de juniores (escoteiros). Esta reunião foi dirigida pelo chefe Bartoldo Pinho também do 44º GE, que apresentou a finalidade do escotismo, sua organização.</p>



<p>Estiveram também presentes nesta reunião Vinícius Nelson Garcia de Souza, Benildo dos Santos Borges, futuros chefe e subchefe de grupo respectivamente, além de oito aspirantes ao escotismo. Foram ainda traçados os primeiros planos para a fundação do grupo.</p>



<p>Da mesma forma, foi realizada no dia seguinte (25/09/57) a primeira reunião preparatória para formação da tropa de seniores, também sob a direção do chefe Pinho.</p>



<p>Era muito grande o entusiasmo de jovens e dirigentes. Durante o mês de outubro foram realizadas várias reuniões preparatórios. Houve também um conselho de pais para informar sobre detalhes do movimento e prepararem a festa da fundação.</p>



<p>A primeira atividade externa foi realizada em 03/11/57, quando o chefe Pinho (44º GE) levou os nossos futuros chefes Vinícius e Benildo e mais quinze aspirantes ao Pico do Papagaio.</p>



<p>Foram realizados jogos, seguidos de trilhas com sinais de pista e outras atividades escoteiras.<br>Reta Final. Determinado o dia da fundação, os preparativos se intensificaram. Foram realizadas reuniões para os aspirantes escoteiros, quando foram concluídas as provas de noviço.</p>



<p>As reuniões nesta época, e até a inauguração da sede que congregados e escoteiros iriam concluir anos mais tarde, eram realizadas no interior de um pequeno teatro que existia no local onde hoje se encontra o pátio cimentado ao lado do centro Pastoral.</p>



<p>No dia 15/11/57, uma segunda-feira, feriado nacional, foram realizadas as primeiras promessas no nosso grupo. Vinícius e Benildo, na presença dos nossos aspirantes, do Comissário do 4º Distrito Escoteiro – Mário Imperial Sobrinho, dos membros do 44º GE, do Reitor da Congregação Mariana, Pe. Norberto do Menino Jesus C.P., além dos familiares e convidados, fizeram a promessa escoteira, e foram empossados respectivamente como chefe geral e subchefe do nosso Grupo.</p>



<p>O Chamado &#8220;Campo de Promessa&#8221; (local utilizado para cerimônias escoteiras) ficava onde hoje se encontram os jardins da Igreja, entre a escada e a ladeira de acesso para carros.</p>



<p>Finalmente havia chegado o grande dia. Após a missa das sete horas da manhã de Domingo, dia 24 de novembro de 1957, foi realizada a cerimônia de fundação. Presentes, o Comissário Distrital, os Chefes Bartoldo Pinho, Antônio Maia, Wilson e todo o 44º GE S. Sebastião que paraninfaram a solenidade. Compareceram também integrantes de vários grupos escoteiros da nossa região.</p>



<p>Após o hasteamento da bandeira nacional, foram realizadas as promessas escoteiras, a seguir foram realizadas demonstrações de técnicas escoteiras e aberta uma exposição sobre o movimento.</p>



<p>À noite houve um show de variedades no salão paroquial, apresentado por nossos escoteiros.</p>



<p>O Lenço do medianeira guarda ainda hoje o símbolo Mariano estampado ao centro, e como cores básicas, aquelas que se acham reproduzidas nas vestes de Nossa Senhora, o azul do seu manto no lado esquerdo (no lado do coração), e o branco de sua túnica no lado direito, muito embora a Congregação Mariana já tenha deixado de existir há muitos anos na nossa comunidade.</p>



<p>Durante vários anos a Igreja de São José foi a casa do Medianeira, porém, em 2001, com a possibilidade de obtermos o comodato de uma sede fronteiriça com a maior floresta urbana do Mundo, o nosso grupo escoteiro, vem vivenciando período de ouro, com o apoio incondicional do nosso maior parceiro: COLEGIO MARISTA SÃO JOSÉ – Tijuca, o qual sempre nos recebe com carinho, respeito e compreende que nossos maiores propósitos é SERVIR a nossa Sociedade e proporcionar aos Jovens uma EDUCAÇÃO e Civismo de qualidade e AMOR.</p>



<p>No ano de 2024 foi feita uma festa para celebrar os 67 anos de serviços e dedicação e reunimos várias figuras emblemáticas na história do nosso grupo, como Ivan Bordalo (Ex-chefe Sênior e criador do manual do Sênior) e Diácono Vinicius (Fundador do grupo), resgatando histórias e vivências do 76. Esperamos estarmos laborando na aplicação do Método Escoteiro, aplicando o princípio escoteiro e alcançando o propósito do Movimento Escoteiro que é “O propósito do Movimento Escoteiro é contribuir para que os jovens assumam seu próprio desenvolvimento, especialmente do caráter, ajudando-os a realizar suas plenas potencialidades físicas, intelectuais, sociais, afetivas e espirituais, como cidadãos responsáveis, participantes e úteis em suas comunidades, conforme definido pelo seu Projeto Educativo”.</p>

<p>Idos de 1957. A seleção brasileira de futebol disputava uma vaga para participar da próxima copa do mundo, e quem sabe ganhar pela primeira vez a tão sonhada Taça Jules Rimet. O Rio de Janeiro era a Capital do País, embora soubéssemos que daqui a alguns anos, o presidente Juscelino Kubitschek iria inaugurar Brasília, e &#8230; <a title="Nossa História" class="read-more" href="https://medianeira76.com.br/index.php/nossa-historia/" aria-label="Read more about Nossa História">Ler mais</a></p>
