{"id":21,"date":"2020-06-05T13:40:20","date_gmt":"2020-06-05T16:40:20","guid":{"rendered":"https:\/\/medianeira76.com.br\/?page_id=21"},"modified":"2020-06-06T15:34:28","modified_gmt":"2020-06-06T18:34:28","slug":"o-movimento-escoteiro","status":"publish","type":"page","link":"https:\/\/medianeira76.com.br\/index.php\/o-movimento-escoteiro\/","title":{"rendered":"O Movimento Escoteiro"},"content":{"rendered":"\n<p>Um movimento para jovens, feito por jovens. Essa \u00e9 principal engrenagem do Movimento Escoteiro: a vitalidade das crian\u00e7as, adolescentes e jovens que passam por nossos caminhos e renovam nossas energias, aliada \u00e0 experi\u00eancia dos adultos volunt\u00e1rios.<\/p>\n\n\n\n<p>O Escotismo \u00e9 um movimento educacional que, por meio de atividades variadas e atraentes, incentiva os jovens a assumirem seu pr\u00f3prio desenvolvimento, a se envolverem com a comunidade, formando verdadeiros l\u00edderes. Acreditamos que, por meio da proatividade e da preocupa\u00e7\u00e3o com o pr\u00f3ximo e com o meio ambiente, podemos formar jovens engajados em construir um mundo melhor, mais justo e mais fraterno.<\/p>\n\n\n\n<p>\u00c9 verdadeiramente no grupo escoteiro que o Escotismo acontece. Os jovens s\u00e3o divididos conforme sua faixa et\u00e1ria para que o Programa Educativo possa ser trabalhado em todas as \u00e1reas de desenvolvimento (f\u00edsico, intelectual, social, afetivo, espiritual e de car\u00e1ter) com base nas caracter\u00edsticas individuais de cada fase. O Programa Educativo ainda se preocupa em estar inserido no cotidiano dos jovens, de acordo com suas necessidades de crescimento e do meio onde os jovens se desenvolvem, se adaptando a diferentes realidades e respeitando sua autonomia.<\/p>\n\n\n\n<p>Apartid\u00e1rio, o Movimento Escoteiro valoriza a participa\u00e7\u00e3o juvenil em esferas pol\u00edticas, participando de processos de decis\u00e3o em Conselhos, Confer\u00eancias e demais grupos de trabalho. O apoio pol\u00edtico n\u00e3o leva em conta partidos, mas o compromisso do parlamentar que se une \u00e0 Uni\u00e3o Parlamentar Escoteira do Brasil de atuar de acordo com os princ\u00edpios e propostas do Escotismo.<\/p>\n\n\n\n<p>Para se juntar ao Movimento Escoteiro como jovem \u00e9 preciso ter entre 6,5 e 21 anos; a partir da\u00ed a atua\u00e7\u00e3o se d\u00e1 como adulto volunt\u00e1rio, sem limite de idade.<\/p>\n\n\n\n<p class=\"has-small-font-size\"><em>Fonte: <a href=\"https:\/\/www.escoteiros.org.br\/o-movimento-escoteiro\/\">https:\/\/www.escoteiros.org.br\/o-movimento-escoteiro\/<\/a><\/em><\/p>\n","protected":false},"excerpt":{"rendered":"<p>Um movimento para jovens, feito por jovens. Essa \u00e9 principal engrenagem do Movimento Escoteiro: a vitalidade das crian\u00e7as, adolescentes e jovens que passam por nossos caminhos e renovam nossas energias, aliada \u00e0 experi\u00eancia dos adultos volunt\u00e1rios. O Escotismo \u00e9 um movimento educacional que, por meio de atividades variadas e atraentes, incentiva os jovens a assumirem &#8230; <a title=\"O Movimento Escoteiro\" class=\"read-more\" href=\"https:\/\/medianeira76.com.br\/index.php\/o-movimento-escoteiro\/\" aria-label=\"Read more about O Movimento Escoteiro\">Ler mais<\/a><\/p>\n","protected":false},"author":1,"featured_media":0,"parent":0,"menu_order":0,"comment_status":"closed","ping_status":"closed","template":"","meta":{"_monsterinsights_skip_tracking":false,"_monsterinsights_sitenote_active":false,"_monsterinsights_sitenote_note":"","_monsterinsights_sitenote_category":0,"_joinchat":[],"footnotes":""},"class_list":["post-21","page","type-page","status-publish"],"aioseo_notices":[],"_links":{"self":[{"href":"https:\/\/medianeira76.com.br\/index.php\/wp-json\/wp\/v2\/pages\/21","targetHints":{"allow":["GET"]}}],"collection":[{"href":"https:\/\/medianeira76.com.br\/index.php\/wp-json\/wp\/v2\/pages"}],"about":[{"href":"https:\/\/medianeira76.com.br\/index.php\/wp-json\/wp\/v2\/types\/page"}],"author":[{"embeddable":true,"href":"https:\/\/medianeira76.com.br\/index.php\/wp-json\/wp\/v2\/users\/1"}],"replies":[{"embeddable":true,"href":"https:\/\/medianeira76.com.br\/index.php\/wp-json\/wp\/v2\/comments?post=21"}],"version-history":[{"count":2,"href":"https:\/\/medianeira76.com.br\/index.php\/wp-json\/wp\/v2\/pages\/21\/revisions"}],"predecessor-version":[{"id":76,"href":"https:\/\/medianeira76.com.br\/index.php\/wp-json\/wp\/v2\/pages\/21\/revisions\/76"}],"wp:attachment":[{"href":"https:\/\/medianeira76.com.br\/index.php\/wp-json\/wp\/v2\/media?parent=21"}],"curies":[{"name":"wp","href":"https:\/\/api.w.org\/{rel}","templated":true}]}}

<p>Um movimento para jovens, feito por jovens. Essa é principal engrenagem do Movimento Escoteiro: a vitalidade das crianças, adolescentes e jovens que passam por nossos caminhos e renovam nossas energias, aliada à experiência dos adultos voluntários.</p>



<p>O Escotismo é um movimento educacional que, por meio de atividades variadas e atraentes, incentiva os jovens a assumirem seu próprio desenvolvimento, a se envolverem com a comunidade, formando verdadeiros líderes. Acreditamos que, por meio da proatividade e da preocupação com o próximo e com o meio ambiente, podemos formar jovens engajados em construir um mundo melhor, mais justo e mais fraterno.</p>



<p>É verdadeiramente no grupo escoteiro que o Escotismo acontece. Os jovens são divididos conforme sua faixa etária para que o Programa Educativo possa ser trabalhado em todas as áreas de desenvolvimento (físico, intelectual, social, afetivo, espiritual e de caráter) com base nas características individuais de cada fase. O Programa Educativo ainda se preocupa em estar inserido no cotidiano dos jovens, de acordo com suas necessidades de crescimento e do meio onde os jovens se desenvolvem, se adaptando a diferentes realidades e respeitando sua autonomia.</p>



<p>Apartidário, o Movimento Escoteiro valoriza a participação juvenil em esferas políticas, participando de processos de decisão em Conselhos, Conferências e demais grupos de trabalho. O apoio político não leva em conta partidos, mas o compromisso do parlamentar que se une à União Parlamentar Escoteira do Brasil de atuar de acordo com os princípios e propostas do Escotismo.</p>



<p>Para se juntar ao Movimento Escoteiro como jovem é preciso ter entre 6,5 e 21 anos; a partir daí a atuação se dá como adulto voluntário, sem limite de idade.</p>



<p class="has-small-font-size"><em>Fonte: <a href="https://www.escoteiros.org.br/o-movimento-escoteiro/">https://www.escoteiros.org.br/o-movimento-escoteiro/</a></em></p>

<p>Um movimento para jovens, feito por jovens. Essa é principal engrenagem do Movimento Escoteiro: a vitalidade das crianças, adolescentes e jovens que passam por nossos caminhos e renovam nossas energias, aliada à experiência dos adultos voluntários. O Escotismo é um movimento educacional que, por meio de atividades variadas e atraentes, incentiva os jovens a assumirem &#8230; <a title="O Movimento Escoteiro" class="read-more" href="https://medianeira76.com.br/index.php/o-movimento-escoteiro/" aria-label="Read more about O Movimento Escoteiro">Ler mais</a></p>
